 -16) + -4 + -1 + 4?
12
14 - (6 + 5 + 14)
-11
What is the value of -3 + (-16 - (-1 + -12) - -2)?
-4
(-3 - (-11 - 3)) + (-15 - -7)
3
Calculate 1 - (3 + 2 + -5 + 3 + -11).
9
149 - 153 - (9 - (-1 - -2))
-12
Calculate -7 + 2 + -1 + 3 + (30 - 35).
-8
Calculate -14 + (13 - -23 - 3).
19
What is (2 - 7) + 6 - -1 - 5?
-3
Calculate -24 + -10 - -6 - (-1 + -9).
-18
3 + (-3 - 1) - (-1 + 2)
-2
-10 + (9 - 8) + 1 + (-6 - -1)
-13
Calculate (-8 - (-3 + 10)) + -2 + 10.
-7
Calculate 26 - (22 + -21 - -16).
9
11 - ((86 - 18) + -40)
-17
What is the value of -25 - -22 - (-5 - (1 + 12))?
15
What is the value of 17 - (-5 - (1 - (16 - 4) - -1))?
12
-1 + 6 + -7 + -9 + 6 - 0
-5
What is the value of -5 + (-19 + 18 - ((-8 - 0) + 4))?
-2
Evaluate -12 + 16 + -17 + 14.
1
(-4 - (20 - 16)) + -2 + 7
-3
Evaluate 0 + 14 + (-2 - (-30 - -34)).
8
Evaluate (1 - 11) + (-33 - -16 - -16).
-11
Evaluate -30 + 21 - (-2 - (-3 - 3)).
-13
-8 + (10 - (10 + -20))
12
What is 11 - 0 - (29 + (-39 - -15))?
6
Calculate 18 + 23 - (-1 + 25).
17
Calculate 21 - (-1 + 2 + (-3 - (-19 + 14))).
18
-1 + -2 + (14 - (-2 - 5 - -21))
-3
(20 - -3) + 90 + -86
27
(5 - (-1 + -1)) + 1 + 3 + -2
9
What is the value of (3 - (0 + 3)) + (13 - 8) + -12?
-7
(26 - 4) + -11 + 12
23
What is the value of -263 + 256 - (1 + 2 + 0)?
-10
Evaluate -45 - (-12 + -24 + 7).
-16
What is the value of 1 - (-12 - -24 - 25)?
14
Evaluate (-2 - (-3 - -5)) + -2 + 23 + 1.
18
-2 - -13 - (467 - 439)
-17
(1 - 7) + (-16 - 8) + 20 - 6
-16
10 - (13 + 0) - (30 + -5 + -6)
-22
What is (56 - -21) + -49 + (0 - 5)?
23
Evaluate 0 + (-4 - -14) + -296 + 283.
-3
-3 - -19 - (-96 - -101)
11
Evaluate (-23 - -23) + -15 - ((-6 - 2) + 1).
-8
Evaluate (-3 + 2 - 2) + -12 + -5 + 20.
0
-1 + (1 - -5 - (15 + -6)) + 1
-3
Evaluate (-8 - -6) + 3 + 1 + (-4 - -4).
2
(37 + 3 - 8) + -9 + 14 + -5
32
-1 + 18 - (0 + 10 + (-23 - -12))
18
-7 + -2 + -5 + 2 + 4
-8
2 - 5 - ((-6 - -4) + (19 - 28))
8
What is -5 + -37 + 21 + -4?
-25
Calculate (2 - -9) + 6 + (-5 - (-10 + 21)).
1
What is 2 - -30 - (-123 - -140)?
15
4 + 2 + -9 + -17 + 0 + 8
-12
-68 - -104 - (-5 + 31)
10
What is 11 + 1 + (59 - 69) - 31?
-29
What is the value of (-26 - -10 - -9 - -3) + 2 + -7?
-9
Calculate 31 + -12 + (44 - 61).
2
What is 38 + (10 - (-10 + 23))?
35
What is the value of 80 + -88 - (11 + 2)?
-21
Evaluate 228 + -230 + -13 + -1.
-16
What is the value of -7 - (41 + -19 - 19)?
-10
What is the value of 0 - -1 - (14 + -3 + -3 - 12)?
5
What is -24 + (61 - -2) + -29?
10
What is -144 - -143 - (-6 - -19)?
-14
Calculate 9 + (-14 - (-18 + 22)).
-9
What is 23 - (-12 + 54 - 13)?
-6
Calculate (-1 + 5 - 9) + 15 + (-24 - -5).
-9
-10 + (-4 + 1 - (-87 + 83))
-9
Evaluate (4 - -19) + -8 - 22.
-7
Evaluate 3 + (-4 + 3 - -2 - 2 - 1).
1
(6 + -2 - (-4 - -4) - 4) + -16
-16
Evaluate (-2 + 1 - -4) + -31 - (-19 + 13).
-22
Evaluate -1 + 34 + (-6 - ((-2 - -27) + -33)).
35
Evaluate 7 - (-6 - ((-10 - -5) + 11)) - 5.
14
What is 10 + -22 + -4 - (-4 + 6)?
-18
What is the value of -19 + 0 + 12 + 19?
12
(2 + -1 - (118 - 114)) + -4 + -1
-8
0 + 3 - (-30 + 40 - (1 - -1))
-5
Calculate -2 + -6 - (14 - (-2 + 16)).
-8
Calculate (16 - (-4 - -24) - (-1 - -22)) + 1.
-24
What is the value of (0 - (-1 + 28)) + 43 + -27 + -10?
-21
Evaluate -15 + 2 + -3 - (-6 + -8 + 9).
-11
59 + -76 + -3 + (6 - 5) + 0
-19
What is the value of -2 + -6 + -2 + 16?
6
Calculate -43 - (13 + -7 - 21 - 2).
-26
Evaluate (-1 - (-10 + 1)) + 7.
15
What is the value of -1 - 17 - (24 + -11 + (-22 - -14))?
-23
Evaluate (-13 - (3 + -21)) + -10.
-5
Calculate -4 - (6 + 0) - 9.
-19
Calculate 4 - (-1 - 4) - 8.
1
Evaluate -11 + (-17 - (-19 - 3)) - -7.
1
Evaluate 1 + (-19 - (14 + -4 - 13)).
-15
Evaluate 1 - 0 - 16 - (15 + (19 - 42)).
-7
-42 + (-12 - -43) + 1 + -9
-19
What is (-3 - 6) + (44 - 44) + 8?
-1
(-6 - 3) + 11 + 5 + -16
-9
What is the value of (18 - 14) + 3 + -10?
-3
Evaluate -82 - -63 - (-4 + -13).
-2
What is 10 + (-12 + 9 - -8 - 13)?
2
Evaluate (1 - (-3 + 31)) + (-8 - -13) + 9.
-13
Evaluate (-88 - (-119 - -45)) + (-7 - -1).
-20
-12 + 22 + 1 + -12
-1
2 + -1 + 12 + -12 - -9
10
What is the value of -13 + 0 - ((-45 - -12) + 40)?
-20
What is 3 - (2 - (-7 + (-3 - -5)))?
-4
10 + -19 - (-2 - (-1 - 2))
-10
What is the value of -25 - (-61 + 28 - -11)?
-3
1185 + -1156 - (-2 + 1 + -10)
40
Calculate 14 - 4 - (-10 - -18).
2
Calculate 1 + 4 + -12 + 6 + 0.
-1
What is the value of 6 + -3 + (1 - 0) + -190 + 197?
11
What is (-12 - -9) + -6 + 2 + -4?
-11
Evaluate -7 + (5 + 1 - (8 + -40 - -13)).
18
(2 + 0 - (-73 + 78)) + 1 + -1
-3
Calculate 36 + -11 + -4 + -7 + (1 - -5).
20
What is the value of -5 + 1 + (79 - 82)?
-7
Calculate 17 - (44 - (17 + -8)).
-18
-9 - 11 - (13 + -8 + (-11 - 2))
-12
Calculate -2 + -4 - (12 - (2 + -11 - -20)).
-7
Calculate (-1 - -11) + 353 + -371.
-8
(-11 - -21 - (-3 + (-1 - -10))) + -12
-8
Calculate 2 - (8 + (0 - 12) + 4).
2
(87 - 81) + (1 - (-1 + -2) - -4)
14
(8 - 13 - -29) + -51 + 63
36
Calculate -11 + (10 - (2 - 0)) + 1.
-2
What is -6 + (-4 - (6 - 7))?
-9
Calculate -32 + 0 + (650 - 619).
-1
-15 - (-34 + -32 + 36)
15
Calculate 23 - (-14 + 10) - (65 - 78).
40
-32 + 53 + -4 - -13
30
Evaluate (2 - -1) + -4 - (4 - (16 + -7)).
4
Calculate 3 - (-12 - (5 + -19) - (-3 + 1)).
-1
Evaluate 2 - (38 + -59 + 36).
-13
(-11 - -21) + (-10 - 3)
-3
What is (8 - -10) + -8 + (74 - 71)?
13
What is -12 + 12 + 0 + 1 - (15 - -1)?
-15
What is the value of (209 - 194) + -23 + -1?
-9
Evaluate 17 + -10 + -11 - -10 - 30.
-24
What is the value of (-33 - -25) + (22 - 18)?
-4
2 + (-3 - (1 - 3)) + (-73 - -85)
13
Evaluate -17 + -48 + 52 + 41.
28
What is the value of 37 + (60 - 105) + (-5 - 1) + 2?
-12
Evaluate 17 + (2 - 10) - (-1 + 3).
7
What is the value of (9 + -15 - -3 - (-8 - 1)) + 3?
9
Evaluate 7 + -22 + 11 - -8 - 24.
-20
Evaluate 167 - 139 - (-1 + 34).
-5
Calculate (2 - 7) + 13 + (4 - 15).
-3
What is -1 + 7 - 12 - -3?
-3
What is the value of 4 - (12 + -4 - (8 + -3))?
1
What is the value of (1 - -7) + -25 + 11 + (16 - 28)?
-18
(52 - 1) + -58 - ((1 - 0) + -15)
7
(4 - 8 - -8) + -25 + 31
10
What is the value of -1 + (2 + 10 - 23) + 13?
1
Evaluate 9 + -1 + -73 + (-68 - -160).
27
(11 + -10 - 0) + 5 + -4 + -9
-7
22 + (21 - 28) + -22
-7
What is the value of -8 - (4 + -15 + 4 + -2)?
1
What is -1 - (0 + 2) - ((-14 - -9) + 13)?
-11
What is (8 - (9 - -6)) + 1 - (-4 - -1)?
-3
-39 + 0 - (1365 - 1402)
-2
Calculate 429 - 446 - (-1 + -6).
-10
What is the value of -1 - -1 - -1 - (1993 - 1995)?
3
What is the value of 0 + -5 + (-158 - -160)?
-3
(1 + 0 - 6) + 1972 + -1983
-16
What is the value of -6 + 2 - (-4 + -11)?
11
Calculate 22 + 1 + (-9 - 7) - 31.
-24
Evaluate 21 + (-13 - 15) + (-13 - 0) + -1.
-21
Calculate 23 - (4 + 29) - 12.
-22
-2 - (-13 - ((7 - 17) + -21))
-20
(2 - 4 - -9) + 11 + -9
9
-11 + (0 + 30 - 4) + 9
24
What is -5 + 19 + (-1 - 25)?
-12
Evaluate 8 + 2 - (-40 + 35 + 17).
-2
What is (-12 + 20 - 11) + (26 - 21)?
2
What is the value of 0 + -17 - (2 - ((6 - 4) + 1))?
-16
What is the value of 1 + 3 + -1 + -19 + 333 + -333?
-16
What is -5 + 13 - ((8 - -4) + -3) - 6?
-7
-6 - -13 - (-13 + 22)
-2
Calculate (0 + 2 - (-3 + -6)) + -9.
2
Calculate 5 - (-16 + 16 + -5).
10
What is 0 - (1 + -2) - (7 + -4 + -9)?
7
Evaluate (17 - 33) + 26 - (-1 + -1).
12
What is the value of -18 - -1 - (-777 - -767)?
-7
Evaluate -10 - (-2 - (-15 + 4)).
-19
What is -9 + -5 + 9 + -4?
-9
What is the value of 4 - (1 - 0 - (139 + -155))?
-13
What is 30 + 6 + -25 + -6?
5
What is the value of 0 + -2 + 15 - ((-12 - 10) + 22)?
13
Evaluate -6 + (-6 - -11 - 10).
-11
Evaluate 2 - (-12 + 14 + -10 + 9).
1
What is -18 + 7 + -1 + (28 - 34)?
-18
2 - (16 - (19 + -12) - 12)
5
What is the value of -13 - (-11 + 2) - -19?
15
(-4 - -42) + -11 - 4
23
What is the value of -17 + (3 - (-6 + 5)) + -5 + 5?
-13
Calculate 18 + 14 - 21 - -6.
17
Evaluate (16 - (-3 + 8 + 3)) + 9.
17
Calculate (-241 - -215) + (1 - -33).
8
Calculate 4 + 1 - -3 - (-29 - -30).
7
What is -4 + 10 + 4 - (32 + 1)?
-23
Calculate 16 + (8 + 18 - 17).
25
-16 + (15 - -4) - (0 - 0)
3
What is the value of 21 + -9 + -13 + 5?
4
Evaluate 16 + (-29 - -34 - -4).
25
Evaluate (181 - 208) + (16 - -1) + 13.
3
What is the value of -1 - (-37 - (-89 - -21))?
-32
Evaluate -4 + 3 + -21 + (3 - (2 + -4)).
-17
What is the value of 4 + 39 + -16 - -2?
29
What is -33 - -14 - -27 - (14 - 0)?
-6
Calculate 10 - -19 - (41 + -11).
-1
Evaluate 33 -